11664. Is j composite?
True
Suppose -3*z + 1530933 = 2*g + 203082, 4*z - 1770463 = -g. Is z a composite number?
True
Let c = 1867 - 3942. Let z = c - -4204. Is z composite?
False
Let s be 42/12*-2 - -2981. Suppose -2*v + s = i + 1085, 5*v = 15. Is i a prime number?
False
Let w be (-1)/(-1 + 0) - (14 + -15). Let k(h) = 10*h - 59*h**w + 150*h**2 - 9 - 49*h**2. Is k(-10) composite?
False
Let l be -1*(-395)/(5/(-1)). Let h = l + 104. Is (2 - (-1675)/(-2))/(h/(-50)) a composite number?
True
Suppose -6 + 2 = -k. Suppose -k*w = w - 35345. Is w a prime number?
True
Let y(o) = 28*o**2 - 21*o + 5. Let a = 7 + -10. Let w(l) = l**2 - l - 6. Let d be w(a). Is y(d) a composite number?
False
Suppose 4*j - 5*i = -4*i + 500978, -2*i = -j + 125255. Is j a composite number?
False
Let j(r) = -169382*r**3 - 89*r - 92. Is j(-1) a prime number?
False
Suppose l - 4*d + 2 = 3*l, 0 = -3*l - d + 8. Suppose 10 = -l*r + 8*r. Suppose r*a - 247 = -29. Is a composite?
False
Suppose -q + 2 = 4*j, 3*q - j + 7 = -0*q. Let h = q - -582. Is h/(-8)*12/(-10) a composite number?
True
Let c(z) = 29*z**2 - 30*z - 45. Let v be c(-12). Let i = -2560 + v. Is i a prime number?
True
Let o = -17446 - -29223. Is o a composite number?
False
Let q = 322716 + -187099. Is q composite?
False
Let j(f) = 1220*f + 278. Is j(13) a composite number?
True
Suppose 0 = -2*n + 12*h - 8*h + 42, -n - 3*h = -16. Let q(t) = -10*t**3 + 24*t**3 - n*t**2 - 15*t**3 + 14*t + 7. Is q(-22) prime?
True
Let i = 7572 + -7557. Let d be (-4)/(-14) + (-14047)/(-7). Is (1 - d/2)*(-12)/i prime?
False
Let y = -30584 + 98845. Is y a prime number?
True
Suppose 1446 = 4*d - 2*n, -n - 1084 = -3*d - 0*n. Suppose -2*a = -1535 + d. Is a composite?
False
Let a be (-2 + -18 - -5)*3/(-9). Is -4241*((-6)/a - 4/(-20)) composite?
False
Let q(t) = 28*t**2 - 183*t + 5328. Is q(34) a composite number?
True
Let m(p) = 35778*p**2 + 8*p - 3. Is m(-1) a composite number?
True
Let y(a) be the first derivative of -3*a**4/2 - 2*a**3 - 5*a**2/2 - 7*a + 12. Suppose 1 = 3*n + 19. Is y(n) a composite number?
False
Suppose 34 + 161 = r. Is 36484/5 - (r/25 + -8) composite?
False
Let t be 14468 + 4 + (-2 - 3). Suppose t + 8682 = 7*q. Is q a composite number?
False
Let w(h) = 7*h**2 - 27*h + 13. Suppose 0 = l + 5*k - 82, -37 - 67 = -2*l + 5*k. Let y = l + -51. Is w(y) composite?
False
Let k = -40 + 44. Suppose 2*t - 7 = 5*q + k*t, -q - t - 2 = 0. Is (44/4 + -6)/(q/(-29)) a composite number?
True
Let m = 198 - 142. Suppose -51*v - 9415 = -m*v. Is v composite?
True
Let m be 8/22*1034/188. Let j = -297 + 1056. Suppose -m*z = -2*y - z + j, -774 = -2*y + 4*z. Is y a prime number?
False
Let o = -220 + 225. Suppose p - 1536 = 5*h, p - o*h = -p + 3097. Is p prime?
False
Let k(d) = d + 23. Let m be k(-20). Is m/(-7) - (-1242500)/245 prime?
False
Let m = -53695 - -95076. Is m prime?
True
Let r(z) be the second derivative of 97*z**5/20 - z**4/3 - z**3/2 - 5*z**2/2 - 14*z + 3. Is r(4) a prime number?
False
Let y = -3 - 4. Suppose 0 = n + 4*i - 760, -4*i = -n - 234 + 1034. Let k = n - y. Is k prime?
True
Suppose -w + 980 = -457. Is w/(-15)*245/(-7) prime?
False
Let b(d) = -1164*d**3 + 2*d**2 - 1. Let l(c) = -c**3 - 5*c**2 + 8*c + 5. Let j be l(-6). Let m be 27/(-21) - j/(147/6). Is b(m) prime?
False
Let c = 12 - -59. Let j = -69 + c. Is (325/(-10) - -3)/(j/(-4)) prime?
True
Suppose -a - 330*v + 141991 = -329*v, 2*a = v + 283982. Is a a composite number?
False
Let r = -10433 - -3802. Let j = r + 11204. Is j a composite number?
True
Suppose -15*p + 826790 + 1225648 = -1154427. Is p a prime number?
True
Let y = -14537 + 32127. Suppose -3*b = -13*b + y. Is b a prime number?
True
Let h(m) = 8617*m + 6. Let l be h(10). Let k be (-6)/14 + l/112. Suppose 2*y - k = 2353. Is y composite?
True
Let l = 55 - 64. Let h(v) = 28*v**2 - 13*v - 16. Is h(l) a prime number?
False
Let f(m) = 31*m**3 - 9*m**2 + 2*m + 13. Let r be 4 - (-8)/(-6)*6/(-4). Let o be f(r). Suppose -6*j + 4685 + o = 0. Is j a composite number?
False
Let j = 17246 - -25653. Is j prime?
True
Let k(y) = -3*y - 21. Suppose -2*b = -4*s - 38, 17 = -6*s + 2*s - 5*b. Let u be k(s). Suppose u*a + p - 874 = 0, -203 = -2*a + 5*p + 408. Is a a prime number?
True
Suppose -68*z = 71*z - 103445051. Is z composite?
True
Let w(j) be the first derivative of -3/4*j**4 - 37 - 2*j**2 - 14/3*j**3 + 2*j. Is w(-7) composite?
False
Let s = 102 - 145. Let q = 86 - s. Is q a prime number?
False
Let v = 117 - 296. Let y = v + 2496. Is y a composite number?
True
Suppose -s = -4*t - 20523 - 17538, 2*s = -t + 76104. Is s composite?
False
Let q = 351 - 343. Is (2/(q/(-7438)))/((-6)/12) composite?
False
Suppose -2*w = -5*h - 30 - 24, -5*w - 4*h = -69. Let k(m) = 6*m**2 - 6*m + 133. Is k(w) a composite number?
True
Suppose -9*q + 19 = 64. Let h(x) = x**3 + 6*x**2 + 6*x + 7. Let y be h(q). Let k(l) = 6*l**3 - 3*l**2 + 3*l - 5. Is k(y) a prime number?
True
Suppose 0 = -5*m + v - 43 + 16, 3*m + 17 = v. Let h be ((m - 1)/(-3))/(20/430). Suppose -b - 118 - h = -3*l, -4*b - 167 = -3*l. Is l composite?
False
Suppose -11*h - 4*g = -14*h + 155851, 103906 = 2*h - 8*g. Is h a prime number?
True
Let h(u) = 1128*u + 382. Is h(2) composite?
True
Let l = -902 - -1480. Let r = l - 289. Suppose -114 = -4*c + 4*z + 166, -5*z = 4*c - r. Is c a prime number?
True
Suppose -2*t = -0 - 6. Suppose 1235 = t*y + 4*u, 0 = 2*y - 3*y - 5*u + 419. Is y prime?
True
Let d be 1 - 2 - (-7364 + 2). Let y be (15/10*4)/((-42)/29876). Let r = d + y. Is r prime?
False
Suppose 141*m - 143*m = -10. Suppose -m*q + 3480 = 2*k, 6*k + 2*q - 8679 = k. Is k a prime number?
False
Suppose 3*j - 349464 = -118602. Suppose 14092 = -6*v + j. Is v a composite number?
False
Let l = 121 - 122. Is 126/(-84)*(l - (-9439)/(-3)) prime?
True
Let b(z) = -z**2 - 13. Let w be b(9). Let x = w - -679. Is x/3 - (9 - 5) a prime number?
True
Let a = 1599840 - 514913. Is a a prime number?
True
Suppose 5*r - 12382 = -g, -2465 = -r - 7*g + 3*g. Is r a composite number?
False
Is ((-103333)/4)/((-1625)/52 - -31) composite?
False
Suppose 12*i + 1595 + 175969 = 0. Let o = 28038 + i. Is o a composite number?
False
Suppose -78111526 = 38*f - 185*f + 46420553. Is f prime?
True
Suppose 4*w + 40 = 5*d, 0*w + w + 5 = 0. Suppose d*j - 2*j = 6. Suppose -4*f - 4*r = -j*f - 639, -615 = -f + 2*r. Is f a composite number?
True
Let d(w) be the third derivative of w**4/8 - 17*w**3/2 + 34*w**2. Let i be d(17). Let v(a) = -a**2 + 3*a + 1423. Is v(i) prime?
True
Let w = 39 + -36. Suppose -3*b - 8996 = s - w*s, 5*s - 22503 = b. Is (-4)/22 + s/11 a composite number?
False
Let c = 1576 - -1211. Is c prime?
False
Is (-16)/(-14) - (-24799008)/224 composite?
False
Let n = 57498 + 37565. Is n a prime number?
True
Let h(z) = 3*z**2 - 98*z + 384. Is h(-79) a composite number?
False
Let m be (5 - (6 - -7))/(-1*2). Suppose -4*z = -6*z + m*b + 3008, z - 5*b = 1519. Let h = z + -541. Is h prime?
True
Let u = 170 + 232. Is (-254 + -3)/(u/(-66) + 6) a prime number?
False
Let u = 51 - 71. Let k = u + 20. Suppose m - 376 - 69 = k. Is m a prime number?
False
Let r(h) = -3*h - 1. Let u(z) = 165*z + 272. Let g(n) = 5*r(n) - u(n). Is g(-39) a composite number?
True
Let w be -4 + (-34)/(-8) + (-39)/(-4). Let z = w - 10. Suppose z = -8*l + l + 4683. Is l a composite number?
True
Suppose 0*a + 4530960 = -14*a. Is 1*1/(-5) + a/(-75) composite?
True
Is (4472568/27)/8*3 a prime number?
True
Is (-15050220)/(-68) + (-632)/(-2686) a composite number?
False
Let f be -1 + 4 + 4/(-2). Let l be (4370 - -2) + -4 - f. Suppose 0 = -6*b + l + 661. Is b composite?
True
Suppose 15*w - 114 = 9*w. Suppose 2*g + w*t - 20*t - 32738 = 0, -2*g + 32738 = 4*t. Is g a composite number?
False
Let a = -29 - -32. Let g be (2/a)/(2/(-3)). Is (2/4)/(3074/(-3076) - g) a composite number?
False
Let b(w) = w**3 + 24*w**2 + 21*w - 24. Let q be b(-23). Suppose -2*d = -k + 3*d - q, 4*k + 4*d = 8. Is k/((-20)/(-265))*-14 a composite number?
True
Suppose 0 = -2*l + 9 + 1. Suppose 5*t + l*z - 21610 = 0, 0 = t + 4*z + 1509 - 5822. Suppose -2*j - t = -7*j. Is j a prime number?
False
Suppose y = -f + 2*f - 27, -110 = 4*y - 3*f. Let k = y - -37. Is ((-10)/k)/((-11)/15532) a prime number?
False
Let x(u) = -u**2 - 8*u - 6. Let w be x(-2). Suppose k + 2*v - 1731 = 0, -8690 = -5*k - 9*v + w*v. Is k prim